{"id":356,"date":"2013-01-20T22:32:52","date_gmt":"2013-01-20T21:32:52","guid":{"rendered":"http:\/\/www.bobergsstuteri.se\/?page_id=356"},"modified":"2021-03-10T21:35:00","modified_gmt":"2021-03-10T20:35:00","slug":"ovrigt","status":"publish","type":"page","link":"http:\/\/www.bobergsstuteri.se\/?page_id=356","title":{"rendered":"F\u00e5ren"},"content":{"rendered":"<p style=\"text-align: center;\"><strong><span style=\"color: #333333;\">F\u00e5ren <\/span><\/strong><\/p>\n<p>Det har funnits f\u00e5r p\u00e5 g\u00e5rden sedan 1980-talet. De f\u00f6rsta renrasiga djuren k\u00f6ptes in under h\u00f6sten 2014. Det var Leicesterbaggen &#8221;Axel af N\u00e4s&#8221; och tv\u00e5 stycken tackor. Tacklammen beh\u00e5lls och ut\u00f6kar sakta\u00a0bes\u00e4ttningen med renrasiga vackra Leicesterf\u00e5r. Eftersom efterfr\u00e5gan p\u00e5\u00a0 gr\u00e5 skinn \u00f6kade s\u00e5 ut\u00f6kades bes\u00e4ttningen under sensommaren 2016 med 2st Gotlandstackor och en Gotlandsbagge.<\/p>\n<p>Rasen beskrivs p\u00e5 <a href=\"http:\/\/www.leicesterfarforeningen.se\/\">Svenska Leicesterf\u00e5rf\u00f6reningens hemsida <\/a>som:<\/p>\n<p><em><span class=\"style7\">&#8221;Ett snabbv\u00e4xande, medeltungt k\u00f6ttf\u00e5r som dessutom producerar\u00a0gl\u00e4nsande vita p\u00e4lsskinn eller l\u00e5ng h\u00e4rlig gobel\u00e4ngull.&#8221;<\/span><\/em><\/p>\n<p><em>Gotlandsf\u00e5ret har goda modersegenskaper och ger bra slaktlamm. K\u00f6ttet anses m\u00f6rt, magert och v\u00e4lsmakande. Skinnet- och p\u00e4lsullen anv\u00e4nds b\u00e5de till <\/em><em>\u00a0hantverk och inredningsindustrin. P\u00e4lsen \u00e4r gr\u00e5 i olika nyanser\u00a0 och \u00e4r lockig, glansig och silkig. Huvud och ben \u00e4r svarta. Rasen har bra fruktsamhet och lammar l\u00e4tt.<\/em><\/p>\n<p>L\u00e4nk till <a href=\"http:\/\/lammproducenterna.se\/kunskap\/farraser\/gotlandsfar\/\"><span style=\"color: #000080;\">Lammproducenterna <\/span><\/a>d\u00e4r man kan l\u00e4sa mer om rasen.<\/p>\n<div id='gallery-1' class='gallery galleryid-356 gallery-columns-2 gallery-size-thumbnail'><dl class='gallery-item'>\n\t\t\t<dt class='gallery-icon portrait'>\n\t\t\t\t<a href='http:\/\/www.bobergsstuteri.se\/?attachment_id=1963'><img width=\"150\" height=\"150\" src=\"http:\/\/www.bobergsstuteri.se\/wp-content\/uploads\/2013\/01\/1273-150x150.jpg\" class=\"attachment-thumbnail size-thumbnail\" alt=\"\" decoding=\"async\" loading=\"lazy\" aria-describedby=\"gallery-1-1963\" \/><\/a>\n\t\t\t<\/dt>\n\t\t\t\t<dd class='wp-caption-text gallery-caption' id='gallery-1-1963'>\n\t\t\t\tGotlandsungtacka sommaren 2016\n\t\t\t\t<\/dd><\/dl><dl class='gallery-item'>\n\t\t\t<dt class='gallery-icon portrait'>\n\t\t\t\t<a href='http:\/\/www.bobergsstuteri.se\/?attachment_id=1962'><img width=\"150\" height=\"150\" src=\"http:\/\/www.bobergsstuteri.se\/wp-content\/uploads\/2013\/01\/1276-150x150.jpg\" class=\"attachment-thumbnail size-thumbnail\" alt=\"\" decoding=\"async\" loading=\"lazy\" aria-describedby=\"gallery-1-1962\" \/><\/a>\n\t\t\t<\/dt>\n\t\t\t\t<dd class='wp-caption-text gallery-caption' id='gallery-1-1962'>\n\t\t\t\tMissie bekantar sig med nya f\u00e5ren\n\t\t\t\t<\/dd><\/dl><br style=\"clear: both\" \/><dl class='gallery-item'>\n\t\t\t<dt class='gallery-icon landscape'>\n\t\t\t\t<a href='http:\/\/www.bobergsstuteri.se\/?attachment_id=1960'><img width=\"150\" height=\"150\" src=\"http:\/\/www.bobergsstuteri.se\/wp-content\/uploads\/2013\/01\/1250-150x150.jpg\" class=\"attachment-thumbnail size-thumbnail\" alt=\"\" decoding=\"async\" loading=\"lazy\" aria-describedby=\"gallery-1-1960\" \/><\/a>\n\t\t\t<\/dt>\n\t\t\t\t<dd class='wp-caption-text gallery-caption' id='gallery-1-1960'>\n\t\t\t\tVacker glansig Gotlandsull\n\t\t\t\t<\/dd><\/dl><dl class='gallery-item'>\n\t\t\t<dt class='gallery-icon portrait'>\n\t\t\t\t<a href='http:\/\/www.bobergsstuteri.se\/?attachment_id=1961'><img width=\"150\" height=\"150\" src=\"http:\/\/www.bobergsstuteri.se\/wp-content\/uploads\/2013\/01\/1268-150x150.jpg\" class=\"attachment-thumbnail size-thumbnail\" alt=\"\" decoding=\"async\" loading=\"lazy\" aria-describedby=\"gallery-1-1961\" \/><\/a>\n\t\t\t<\/dt>\n\t\t\t\t<dd class='wp-caption-text gallery-caption' id='gallery-1-1961'>\n\t\t\t\tH\u00e4rliga ull!\n\t\t\t\t<\/dd><\/dl><br style=\"clear: both\" \/>\n\t\t<\/div>\n\n<p>Vi s\u00e4ljer <a href=\"http:\/\/www.bobergsstuteri.se\/?page_id=1447\">lammk\u00f6ttl\u00e5dor<\/a> p\u00e5 h\u00f6sten och \u00e4ven <a href=\"http:\/\/www.bobergsstuteri.se\/?page_id=1450\">skinn<\/a>\u00a0fr\u00e5n v\u00e5ra lamm. Se l\u00e4nkar.<\/p>\n<p style=\"text-align: center;\">P\u00e5 bilderna nedan \u00e4r Leicesterf\u00e5ren de som \u00e4r oklippta.<\/p>\n<p><a href=\"http:\/\/www.bobergsstuteri.se\/wp-content\/uploads\/2013\/01\/IMG_7217-e1415565645912.jpg\"><img decoding=\"async\" loading=\"lazy\" class=\"aligncenter wp-image-1349 size-medium\" src=\"http:\/\/www.bobergsstuteri.se\/wp-content\/uploads\/2013\/01\/IMG_7217-e1615408318811-300x271.jpg\" alt=\"IMG_7217\" width=\"300\" height=\"271\" srcset=\"http:\/\/www.bobergsstuteri.se\/wp-content\/uploads\/2013\/01\/IMG_7217-e1615408318811-300x271.jpg 300w, http:\/\/www.bobergsstuteri.se\/wp-content\/uploads\/2013\/01\/IMG_7217-e1615408318811-1024x924.jpg 1024w, http:\/\/www.bobergsstuteri.se\/wp-content\/uploads\/2013\/01\/IMG_7217-e1615408318811-768x693.jpg 768w, http:\/\/www.bobergsstuteri.se\/wp-content\/uploads\/2013\/01\/IMG_7217-e1615408318811-1536x1386.jpg 1536w, http:\/\/www.bobergsstuteri.se\/wp-content\/uploads\/2013\/01\/IMG_7217-e1615408318811-2048x1848.jpg 2048w\" sizes=\"(max-width: 300px) 100vw, 300px\" \/><\/a><\/p>\n<p style=\"text-align: center;\">T.v. baggen &#8221;Axel af N\u00e4s&#8221;\u00a0och en av Leicestertackorna till h\u00f6ger.<\/p>\n<p style=\"text-align: center;\"><a href=\"http:\/\/www.bobergsstuteri.se\/?attachment_id=1799\" rel=\"attachment wp-att-1799\"><img decoding=\"async\" loading=\"lazy\" class=\"alignnone size-medium wp-image-1799\" src=\"http:\/\/www.bobergsstuteri.se\/wp-content\/uploads\/2013\/01\/IMG_2471-300x280.jpg\" alt=\"IMG_2471\" width=\"300\" height=\"280\" srcset=\"http:\/\/www.bobergsstuteri.se\/wp-content\/uploads\/2013\/01\/IMG_2471-300x280.jpg 300w, http:\/\/www.bobergsstuteri.se\/wp-content\/uploads\/2013\/01\/IMG_2471.jpg 750w\" sizes=\"(max-width: 300px) 100vw, 300px\" \/><\/a><\/p>\n<p style=\"text-align: center;\">Axel i t\u00e4ten med sina damer h\u00f6sten 2015.<\/p>\n<div id='gallery-2' class='gallery galleryid-356 gallery-columns-3 gallery-size-thumbnail'><dl class='gallery-item'>\n\t\t\t<dt class='gallery-icon portrait'>\n\t\t\t\t<a href='http:\/\/www.bobergsstuteri.se\/?attachment_id=1750'><img width=\"150\" height=\"150\" src=\"http:\/\/www.bobergsstuteri.se\/wp-content\/uploads\/2013\/01\/IMG_8972-e1615408344104-150x150.jpg\" class=\"attachment-thumbnail size-thumbnail\" alt=\"\" decoding=\"async\" loading=\"lazy\" \/><\/a>\n\t\t\t<\/dt><\/dl><dl class='gallery-item'>\n\t\t\t<dt class='gallery-icon portrait'>\n\t\t\t\t<a href='http:\/\/www.bobergsstuteri.se\/?attachment_id=1754'><img width=\"150\" height=\"150\" src=\"http:\/\/www.bobergsstuteri.se\/wp-content\/uploads\/2013\/01\/IMG_8955-e1615408469874-150x150.jpg\" class=\"attachment-thumbnail size-thumbnail\" alt=\"\" decoding=\"async\" loading=\"lazy\" aria-describedby=\"gallery-2-1754\" \/><\/a>\n\t\t\t<\/dt>\n\t\t\t\t<dd class='wp-caption-text gallery-caption' id='gallery-2-1754'>\n\t\t\t\tLamm p\u00e5 bete\n\t\t\t\t<\/dd><\/dl><dl class='gallery-item'>\n\t\t\t<dt class='gallery-icon portrait'>\n\t\t\t\t<a href='http:\/\/www.bobergsstuteri.se\/?attachment_id=1755'><img width=\"150\" height=\"150\" src=\"http:\/\/www.bobergsstuteri.se\/wp-content\/uploads\/2013\/01\/IMG_8822-e1615408451190-150x150.jpg\" class=\"attachment-thumbnail size-thumbnail\" alt=\"\" decoding=\"async\" loading=\"lazy\" aria-describedby=\"gallery-2-1755\" \/><\/a>\n\t\t\t<\/dt>\n\t\t\t\t<dd class='wp-caption-text gallery-caption' id='gallery-2-1755'>\n\t\t\t\t Leicesterkorsning  tacklamm \n\t\t\t\t<\/dd><\/dl><br style=\"clear: both\" \/><dl class='gallery-item'>\n\t\t\t<dt class='gallery-icon landscape'>\n\t\t\t\t<a href='http:\/\/www.bobergsstuteri.se\/?attachment_id=1524'><img width=\"150\" height=\"150\" src=\"http:\/\/www.bobergsstuteri.se\/wp-content\/uploads\/2013\/01\/IMG_0735-e1615408429353-150x150.jpg\" class=\"attachment-thumbnail size-thumbnail\" alt=\"\" decoding=\"async\" loading=\"lazy\" aria-describedby=\"gallery-2-1524\" \/><\/a>\n\t\t\t<\/dt>\n\t\t\t\t<dd class='wp-caption-text gallery-caption' id='gallery-2-1524'>\n\t\t\t\tBagglamm h\u00f6sten 2015\n\t\t\t\t<\/dd><\/dl><dl class='gallery-item'>\n\t\t\t<dt class='gallery-icon landscape'>\n\t\t\t\t<a href='http:\/\/www.bobergsstuteri.se\/?attachment_id=870'><img width=\"150\" height=\"150\" src=\"http:\/\/www.bobergsstuteri.se\/wp-content\/uploads\/2013\/01\/F\u00e5r-2013-e1372077402862-150x150.jpg\" class=\"attachment-thumbnail size-thumbnail\" alt=\"\" decoding=\"async\" loading=\"lazy\" \/><\/a>\n\t\t\t<\/dt><\/dl><dl class='gallery-item'>\n\t\t\t<dt class='gallery-icon landscape'>\n\t\t\t\t<a href='http:\/\/www.bobergsstuteri.se\/?attachment_id=1349'><img width=\"150\" height=\"150\" src=\"http:\/\/www.bobergsstuteri.se\/wp-content\/uploads\/2013\/01\/IMG_7217-e1615408318811-150x150.jpg\" class=\"attachment-thumbnail size-thumbnail\" alt=\"\" decoding=\"async\" loading=\"lazy\" aria-describedby=\"gallery-2-1349\" \/><\/a>\n\t\t\t<\/dt>\n\t\t\t\t<dd class='wp-caption-text gallery-caption' id='gallery-2-1349'>\n\t\t\t\tBaggen Axel af N\u00e4s\n\t\t\t\t<\/dd><\/dl><br style=\"clear: both\" \/><dl class='gallery-item'>\n\t\t\t<dt class='gallery-icon landscape'>\n\t\t\t\t<a href='http:\/\/www.bobergsstuteri.se\/?attachment_id=1355'><img width=\"150\" height=\"150\" src=\"http:\/\/www.bobergsstuteri.se\/wp-content\/uploads\/2013\/01\/IMG_7223-e1615408411555-150x150.jpg\" class=\"attachment-thumbnail size-thumbnail\" alt=\"\" decoding=\"async\" loading=\"lazy\" \/><\/a>\n\t\t\t<\/dt><\/dl><dl class='gallery-item'>\n\t\t\t<dt class='gallery-icon landscape'>\n\t\t\t\t<a href='http:\/\/www.bobergsstuteri.se\/?attachment_id=1350'><img width=\"150\" height=\"150\" src=\"http:\/\/www.bobergsstuteri.se\/wp-content\/uploads\/2013\/01\/IMG_7222-e1615408488556-150x150.jpg\" class=\"attachment-thumbnail size-thumbnail\" alt=\"\" decoding=\"async\" loading=\"lazy\" aria-describedby=\"gallery-2-1350\" \/><\/a>\n\t\t\t<\/dt>\n\t\t\t\t<dd class='wp-caption-text gallery-caption' id='gallery-2-1350'>\n\t\t\t\tVacker Leicesterull\n\t\t\t\t<\/dd><\/dl><dl class='gallery-item'>\n\t\t\t<dt class='gallery-icon portrait'>\n\t\t\t\t<a href='http:\/\/www.bobergsstuteri.se\/?attachment_id=1751'><img width=\"150\" height=\"150\" src=\"http:\/\/www.bobergsstuteri.se\/wp-content\/uploads\/2013\/01\/IMG_8961-e1615408373348-150x150.jpg\" class=\"attachment-thumbnail size-thumbnail\" alt=\"\" decoding=\"async\" loading=\"lazy\" \/><\/a>\n\t\t\t<\/dt><\/dl><br style=\"clear: both\" \/>\n\t\t<\/div>\n\n<h1 style=\"text-align: center;\"><\/h1>\n","protected":false},"excerpt":{"rendered":"<p>F\u00e5ren Det har funnits f\u00e5r p\u00e5 g\u00e5rden sedan 1980-talet. De f\u00f6rsta renrasiga djuren k\u00f6ptes in under h\u00f6sten 2014. Det var Leicesterbaggen &#8221;Axel af N\u00e4s&#8221; och tv\u00e5 stycken tackor. Tacklammen beh\u00e5lls och ut\u00f6kar sakta\u00a0bes\u00e4ttningen med renrasiga vackra Leicesterf\u00e5r. Eftersom efterfr\u00e5gan p\u00e5\u00a0 &hellip; <a href=\"http:\/\/www.bobergsstuteri.se\/?page_id=356\">Forts\u00e4tt l\u00e4sa <span class=\"meta-nav\">&rarr;<\/span><\/a><\/p>\n","protected":false},"author":2,"featured_media":0,"parent":0,"menu_order":11,"comment_status":"closed","ping_status":"closed","template":"","meta":[],"_links":{"self":[{"href":"http:\/\/www.bobergsstuteri.se\/index.php?rest_route=\/wp\/v2\/pages\/356"}],"collection":[{"href":"http:\/\/www.bobergsstuteri.se\/index.php?rest_route=\/wp\/v2\/pages"}],"about":[{"href":"http:\/\/www.bobergsstuteri.se\/index.php?rest_route=\/wp\/v2\/types\/page"}],"author":[{"embeddable":true,"href":"http:\/\/www.bobergsstuteri.se\/index.php?rest_route=\/wp\/v2\/users\/2"}],"replies":[{"embeddable":true,"href":"http:\/\/www.bobergsstuteri.se\/index.php?rest_route=%2Fwp%2Fv2%2Fcomments&post=356"}],"version-history":[{"count":69,"href":"http:\/\/www.bobergsstuteri.se\/index.php?rest_route=\/wp\/v2\/pages\/356\/revisions"}],"predecessor-version":[{"id":3467,"href":"http:\/\/www.bobergsstuteri.se\/index.php?rest_route=\/wp\/v2\/pages\/356\/revisions\/3467"}],"wp:attachment":[{"href":"http:\/\/www.bobergsstuteri.se\/index.php?rest_route=%2Fwp%2Fv2%2Fmedia&parent=356"}],"curies":[{"name":"wp","href":"https:\/\/api.w.org\/{rel}","templated":true}]}}