{"id":3779,"date":"2022-12-13T10:35:32","date_gmt":"2022-12-13T09:35:32","guid":{"rendered":"http:\/\/www.bobergsstuteri.se\/?page_id=3779"},"modified":"2025-07-21T19:48:20","modified_gmt":"2025-07-21T17:48:20","slug":"bobergs-scarlet","status":"publish","type":"page","link":"http:\/\/www.bobergsstuteri.se\/?page_id=3779","title":{"rendered":"Bobergs Scarlet"},"content":{"rendered":"\n<p><strong><a href=\"https:\/\/www.shetlandsponnyn.se\/Stambok\/Visa3Led.aspx?Nr1=548058\" data-type=\"URL\" data-id=\"https:\/\/www.shetlandsponnyn.se\/Stambok\/Visa3Led.aspx?Nr1=548058\">Bobergs Scarlet<\/a><\/strong><\/p>\n\n\n\n<p><\/p>\n\n\n\n<p><\/p>\n\n\n\n<figure class=\"wp-block-image size-full\"><a href=\"https:\/\/www.bobergsstuteri.se\/wp-content\/uploads\/2025\/07\/f8d382e9-29e2-4af2-be50-a573a3e6af5e-4.jpg\"><img decoding=\"async\" loading=\"lazy\" width=\"1024\" height=\"962\" src=\"https:\/\/www.bobergsstuteri.se\/wp-content\/uploads\/2025\/07\/f8d382e9-29e2-4af2-be50-a573a3e6af5e-4.jpg\" alt=\"\" class=\"wp-image-4237\" srcset=\"http:\/\/www.bobergsstuteri.se\/wp-content\/uploads\/2025\/07\/f8d382e9-29e2-4af2-be50-a573a3e6af5e-4.jpg 1024w, http:\/\/www.bobergsstuteri.se\/wp-content\/uploads\/2025\/07\/f8d382e9-29e2-4af2-be50-a573a3e6af5e-4-300x282.jpg 300w, http:\/\/www.bobergsstuteri.se\/wp-content\/uploads\/2025\/07\/f8d382e9-29e2-4af2-be50-a573a3e6af5e-4-768x722.jpg 768w\" sizes=\"(max-width: 1024px) 100vw, 1024px\" \/><\/a><\/figure>\n\n\n\n<p class=\"has-text-align-center\">Rsk,  sto, f 2022, prem 39p klass1 <\/p>\n\n\n\n<p class=\"has-text-align-center\">e: <a href=\"https:\/\/www.bobergsstuteri.se\/?page_id=1510\" data-type=\"page\" data-id=\"1510\">Bobergs Limerick RS 776 SUCH, G1<\/a><\/p>\n\n\n\n<p class=\"has-text-align-center\">( Sk\u00e4pper\u00f6ds Rex RS 381 \u2013 <a href=\"https:\/\/www.shetlandsponnyn.se\/Stambok\/Visa3Led.aspx?Nr1=548058\" data-type=\"URL\" data-id=\"https:\/\/www.shetlandsponnyn.se\/Stambok\/Visa3Led.aspx?Nr1=548058\">The Rose RS 7353 ELIT<\/a>)<\/p>\n\n\n\n<p class=\"has-text-align-center\">u: <a href=\"https:\/\/www.bobergsstuteri.se\/?page_id=1610\" data-type=\"page\" data-id=\"1610\">Champ d\u2019Elysse v. Stal Brammelo RS 7473, ELIT<\/a><\/p>\n\n\n\n<p class=\"has-text-align-center\">(Windsomeboy v.d. Rising Sun Stable \u2013 Scarlet v. Stal Brammelo)<\/p>\n\n\n\n<p>Om Scarlet: Ett riktigt dr\u00f6mf\u00f6l, d\u00f6pt efter sin mormor,  som jag tycker mycket om och hoppas p\u00e5. Hon visades p\u00e5 sommarpremiering som f\u00f6l d\u00e5 hennes mor Elit-premierades. Hon fick j\u00e4ttefin kritik av domare Morgan Johnsson &#8221;ett av de finaste f\u00f6l han sett under \u00e5rets sommarpremieringar&#8221;. 41p, det tackar vi f\u00f6r och hoppas att hon forts\u00e4tter utvecklas fint!<\/p>\n\n\n\n<p>Fina Scarlet fick 39p p\u00e5 premiering men kan \u00e4nd\u00e5 bel\u00f6nas med ett avelsdiplom tack vare att hon f\u00e5tt flera guld p\u00e5 utst\u00e4llning under detta \u00e5r som 3-\u00e5ring.<\/p>\n\n\n\n<figure class=\"wp-block-image size-full\"><a href=\"https:\/\/www.bobergsstuteri.se\/wp-content\/uploads\/2025\/07\/image.png\"><img decoding=\"async\" loading=\"lazy\" width=\"1024\" height=\"844\" src=\"https:\/\/www.bobergsstuteri.se\/wp-content\/uploads\/2025\/07\/image.png\" alt=\"\" class=\"wp-image-4235\" srcset=\"http:\/\/www.bobergsstuteri.se\/wp-content\/uploads\/2025\/07\/image.png 1024w, http:\/\/www.bobergsstuteri.se\/wp-content\/uploads\/2025\/07\/image-300x247.png 300w, http:\/\/www.bobergsstuteri.se\/wp-content\/uploads\/2025\/07\/image-768x633.png 768w\" sizes=\"(max-width: 1024px) 100vw, 1024px\" \/><\/a><\/figure>\n","protected":false},"excerpt":{"rendered":"<p>Bobergs Scarlet Rsk, sto, f 2022, prem 39p klass1 e: Bobergs Limerick RS 776 SUCH, G1 ( Sk\u00e4pper\u00f6ds Rex RS 381 \u2013 The Rose RS 7353 ELIT) u: Champ d\u2019Elysse v. Stal Brammelo RS 7473, ELIT (Windsomeboy v.d. Rising Sun &hellip; <a href=\"http:\/\/www.bobergsstuteri.se\/?page_id=3779\">Forts\u00e4tt l\u00e4sa <span class=\"meta-nav\">&rarr;<\/span><\/a><\/p>\n","protected":false},"author":2,"featured_media":0,"parent":20,"menu_order":0,"comment_status":"closed","ping_status":"closed","template":"","meta":[],"_links":{"self":[{"href":"http:\/\/www.bobergsstuteri.se\/index.php?rest_route=\/wp\/v2\/pages\/3779"}],"collection":[{"href":"http:\/\/www.bobergsstuteri.se\/index.php?rest_route=\/wp\/v2\/pages"}],"about":[{"href":"http:\/\/www.bobergsstuteri.se\/index.php?rest_route=\/wp\/v2\/types\/page"}],"author":[{"embeddable":true,"href":"http:\/\/www.bobergsstuteri.se\/index.php?rest_route=\/wp\/v2\/users\/2"}],"replies":[{"embeddable":true,"href":"http:\/\/www.bobergsstuteri.se\/index.php?rest_route=%2Fwp%2Fv2%2Fcomments&post=3779"}],"version-history":[{"count":13,"href":"http:\/\/www.bobergsstuteri.se\/index.php?rest_route=\/wp\/v2\/pages\/3779\/revisions"}],"predecessor-version":[{"id":4239,"href":"http:\/\/www.bobergsstuteri.se\/index.php?rest_route=\/wp\/v2\/pages\/3779\/revisions\/4239"}],"up":[{"embeddable":true,"href":"http:\/\/www.bobergsstuteri.se\/index.php?rest_route=\/wp\/v2\/pages\/20"}],"wp:attachment":[{"href":"http:\/\/www.bobergsstuteri.se\/index.php?rest_route=%2Fwp%2Fv2%2Fmedia&parent=3779"}],"curies":[{"name":"wp","href":"https:\/\/api.w.org\/{rel}","templated":true}]}}