{"id":3792,"date":"2022-12-13T10:47:29","date_gmt":"2022-12-13T09:47:29","guid":{"rendered":"http:\/\/www.bobergsstuteri.se\/?page_id=3792"},"modified":"2025-12-02T18:39:48","modified_gmt":"2025-12-02T17:39:48","slug":"bobergs-swarta","status":"publish","type":"page","link":"http:\/\/www.bobergsstuteri.se\/?page_id=3792","title":{"rendered":"Bobergs Swarta *Till Salu!*"},"content":{"rendered":"<div class=\"wp-block-image\">\n<figure class=\"aligncenter size-full is-resized\"><a href=\"http:\/\/www.bobergsstuteri.se\/wp-content\/uploads\/2023\/08\/370626132_1005035697195276_2964745581791213532_n.jpg\"><img decoding=\"async\" loading=\"lazy\" src=\"http:\/\/www.bobergsstuteri.se\/wp-content\/uploads\/2023\/08\/370626132_1005035697195276_2964745581791213532_n.jpg\" alt=\"\" class=\"wp-image-3962\" width=\"209\" height=\"225\"\/><\/a><\/figure><\/div>\n\n\n<p><\/p>\n\n\n\n<p class=\"has-text-align-center\">e: Bobergs Limerick RS 776 SUCH<\/p>\n\n\n\n<p class=\"has-text-align-center\">(Sk\u00e4pper\u00f6ds Rex RS 381 \u2013 The Rose RS 7353)<\/p>\n\n\n\n<p class=\"has-text-align-center\">u: Bobergs Hwita RS 7472<\/p>\n\n\n\n<p class=\"has-text-align-center\">(Pajazzo di Leva RS 568 \u2013 K\u00e4rlingehults Dolly RS 6460 SUCH, A<\/p>\n\n\n\n<p>Om Swarta: S\u00e4ljer detta mkt trevliga sto eftersom jag har hennes helsyster kvar att spara. Swarta \u00e4r 82cm i mkh, har ett j\u00e4ttetrevligt temperament. Fick diplom i somras med en 9:a p\u00e5 typ. <\/p>\n\n\n\n<p>Helsystern har ocks\u00e5 diplom, 42p. Hon \u00e4r Svensk utst\u00e4llningschampion och har \u00e4ven en Best in show-titel. <\/p>\n\n\n\n<figure class=\"is-layout-flex wp-block-gallery-1 wp-block-gallery has-nested-images columns-default is-cropped\">\n<figure class=\"wp-block-image size-large\"><a href=\"http:\/\/www.bobergsstuteri.se\/wp-content\/uploads\/2023\/08\/370611924_316659167444733_4011942981113840931_n.jpg\"><img decoding=\"async\" loading=\"lazy\" width=\"167\" height=\"206\" data-id=\"4000\"  src=\"http:\/\/www.bobergsstuteri.se\/wp-content\/uploads\/2023\/08\/370611924_316659167444733_4011942981113840931_n.jpg\" alt=\"\" class=\"wp-image-4000\"\/><\/a><figcaption class=\"wp-element-caption\">Swarta 1 \u00e5r<\/figcaption><\/figure>\n\n\n\n<figure class=\"wp-block-image size-large\"><a href=\"http:\/\/www.bobergsstuteri.se\/wp-content\/uploads\/2023\/08\/370638991_823216205914627_151104381964276331_n.jpg\"><img decoding=\"async\" loading=\"lazy\" width=\"166\" height=\"206\" data-id=\"4001\"  src=\"http:\/\/www.bobergsstuteri.se\/wp-content\/uploads\/2023\/08\/370638991_823216205914627_151104381964276331_n.jpg\" alt=\"\" class=\"wp-image-4001\"\/><\/a><figcaption class=\"wp-element-caption\">Swarta 1 \u00e5r <\/figcaption><\/figure>\n\n\n\n<figure class=\"wp-block-image size-large\"><a href=\"http:\/\/www.bobergsstuteri.se\/wp-content\/uploads\/2023\/08\/370626132_1005035697195276_2964745581791213532_n-2.jpg\"><img decoding=\"async\" loading=\"lazy\" width=\"191\" height=\"206\" data-id=\"3999\"  src=\"http:\/\/www.bobergsstuteri.se\/wp-content\/uploads\/2023\/08\/370626132_1005035697195276_2964745581791213532_n-2.jpg\" alt=\"\" class=\"wp-image-3999\"\/><\/a><figcaption class=\"wp-element-caption\">Swarta 1\u00e5r<\/figcaption><\/figure>\n\n\n\n<figure class=\"wp-block-image size-large\"><a href=\"http:\/\/www.bobergsstuteri.se\/wp-content\/uploads\/2015\/09\/Bobergs-Limerick-2.jpg\"><img decoding=\"async\" loading=\"lazy\" width=\"1024\" height=\"768\" data-id=\"2705\"  src=\"http:\/\/www.bobergsstuteri.se\/wp-content\/uploads\/2015\/09\/Bobergs-Limerick-2-1024x768.jpg\" alt=\"\" class=\"wp-image-2705\" srcset=\"http:\/\/www.bobergsstuteri.se\/wp-content\/uploads\/2015\/09\/Bobergs-Limerick-2-1024x768.jpg 1024w, http:\/\/www.bobergsstuteri.se\/wp-content\/uploads\/2015\/09\/Bobergs-Limerick-2-300x225.jpg 300w, http:\/\/www.bobergsstuteri.se\/wp-content\/uploads\/2015\/09\/Bobergs-Limerick-2-768x576.jpg 768w\" sizes=\"(max-width: 1024px) 100vw, 1024px\" \/><\/a><figcaption class=\"wp-element-caption\">Limerick<\/figcaption><\/figure>\n\n\n\n<figure class=\"wp-block-image size-large\"><a href=\"http:\/\/www.bobergsstuteri.se\/wp-content\/uploads\/2015\/09\/Utst\u00e4llning-kristinehamn-2018-03.jpg\"><img decoding=\"async\" loading=\"lazy\" width=\"960\" height=\"922\" data-id=\"2768\"  src=\"http:\/\/www.bobergsstuteri.se\/wp-content\/uploads\/2015\/09\/Utst\u00e4llning-kristinehamn-2018-03.jpg\" alt=\"\" class=\"wp-image-2768\" srcset=\"http:\/\/www.bobergsstuteri.se\/wp-content\/uploads\/2015\/09\/Utst\u00e4llning-kristinehamn-2018-03.jpg 960w, http:\/\/www.bobergsstuteri.se\/wp-content\/uploads\/2015\/09\/Utst\u00e4llning-kristinehamn-2018-03-300x288.jpg 300w, http:\/\/www.bobergsstuteri.se\/wp-content\/uploads\/2015\/09\/Utst\u00e4llning-kristinehamn-2018-03-768x738.jpg 768w\" sizes=\"(max-width: 960px) 100vw, 960px\" \/><\/a><figcaption class=\"wp-element-caption\">Limerick Minichampionunghingst<\/figcaption><\/figure>\n\n\n\n<figure class=\"wp-block-image size-large\"><a href=\"http:\/\/www.bobergsstuteri.se\/wp-content\/uploads\/2013\/01\/P13601121-e1505674467643.jpg\"><img decoding=\"async\" loading=\"lazy\" width=\"1024\" height=\"797\" data-id=\"2509\"  src=\"http:\/\/www.bobergsstuteri.se\/wp-content\/uploads\/2013\/01\/P13601121-e1505674467643-1024x797.jpg\" alt=\"\" class=\"wp-image-2509\" srcset=\"http:\/\/www.bobergsstuteri.se\/wp-content\/uploads\/2013\/01\/P13601121-e1505674467643-1024x797.jpg 1024w, http:\/\/www.bobergsstuteri.se\/wp-content\/uploads\/2013\/01\/P13601121-e1505674467643-300x234.jpg 300w, http:\/\/www.bobergsstuteri.se\/wp-content\/uploads\/2013\/01\/P13601121-e1505674467643-768x598.jpg 768w, http:\/\/www.bobergsstuteri.se\/wp-content\/uploads\/2013\/01\/P13601121-e1505674467643.jpg 1571w\" sizes=\"(max-width: 1024px) 100vw, 1024px\" \/><\/a><figcaption class=\"wp-element-caption\">Mamma Hwita<\/figcaption><\/figure>\n<\/figure>\n","protected":false},"excerpt":{"rendered":"<p>e: Bobergs Limerick RS 776 SUCH (Sk\u00e4pper\u00f6ds Rex RS 381 \u2013 The Rose RS 7353) u: Bobergs Hwita RS 7472 (Pajazzo di Leva RS 568 \u2013 K\u00e4rlingehults Dolly RS 6460 SUCH, A Om Swarta: S\u00e4ljer detta mkt trevliga sto eftersom &hellip; <a href=\"http:\/\/www.bobergsstuteri.se\/?page_id=3792\">Forts\u00e4tt l\u00e4sa <span class=\"meta-nav\">&rarr;<\/span><\/a><\/p>\n","protected":false},"author":2,"featured_media":0,"parent":20,"menu_order":0,"comment_status":"closed","ping_status":"closed","template":"","meta":[],"_links":{"self":[{"href":"http:\/\/www.bobergsstuteri.se\/index.php?rest_route=\/wp\/v2\/pages\/3792"}],"collection":[{"href":"http:\/\/www.bobergsstuteri.se\/index.php?rest_route=\/wp\/v2\/pages"}],"about":[{"href":"http:\/\/www.bobergsstuteri.se\/index.php?rest_route=\/wp\/v2\/types\/page"}],"author":[{"embeddable":true,"href":"http:\/\/www.bobergsstuteri.se\/index.php?rest_route=\/wp\/v2\/users\/2"}],"replies":[{"embeddable":true,"href":"http:\/\/www.bobergsstuteri.se\/index.php?rest_route=%2Fwp%2Fv2%2Fcomments&post=3792"}],"version-history":[{"count":7,"href":"http:\/\/www.bobergsstuteri.se\/index.php?rest_route=\/wp\/v2\/pages\/3792\/revisions"}],"predecessor-version":[{"id":4302,"href":"http:\/\/www.bobergsstuteri.se\/index.php?rest_route=\/wp\/v2\/pages\/3792\/revisions\/4302"}],"up":[{"embeddable":true,"href":"http:\/\/www.bobergsstuteri.se\/index.php?rest_route=\/wp\/v2\/pages\/20"}],"wp:attachment":[{"href":"http:\/\/www.bobergsstuteri.se\/index.php?rest_route=%2Fwp%2Fv2%2Fmedia&parent=3792"}],"curies":[{"name":"wp","href":"https:\/\/api.w.org\/{rel}","templated":true}]}}