{"id":4242,"date":"2025-07-21T20:21:13","date_gmt":"2025-07-21T18:21:13","guid":{"rendered":"https:\/\/www.bobergsstuteri.se\/?page_id=4242"},"modified":"2025-07-23T09:45:51","modified_gmt":"2025-07-23T07:45:51","slug":"bobergs-wera","status":"publish","type":"page","link":"http:\/\/www.bobergsstuteri.se\/?page_id=4242","title":{"rendered":"Bobergs Wera"},"content":{"rendered":"\n<figure class=\"wp-block-image size-full\"><a href=\"https:\/\/www.bobergsstuteri.se\/wp-content\/uploads\/2025\/07\/77d76fa7-929a-47bc-9719-8318556c2380.jpg\"><img decoding=\"async\" loading=\"lazy\" width=\"1023\" height=\"747\" src=\"https:\/\/www.bobergsstuteri.se\/wp-content\/uploads\/2025\/07\/77d76fa7-929a-47bc-9719-8318556c2380.jpg\" alt=\"\" class=\"wp-image-4243\" srcset=\"http:\/\/www.bobergsstuteri.se\/wp-content\/uploads\/2025\/07\/77d76fa7-929a-47bc-9719-8318556c2380.jpg 1023w, http:\/\/www.bobergsstuteri.se\/wp-content\/uploads\/2025\/07\/77d76fa7-929a-47bc-9719-8318556c2380-300x219.jpg 300w, http:\/\/www.bobergsstuteri.se\/wp-content\/uploads\/2025\/07\/77d76fa7-929a-47bc-9719-8318556c2380-768x561.jpg 768w\" sizes=\"(max-width: 1023px) 100vw, 1023px\" \/><\/a><\/figure>\n\n\n\n<p class=\"has-text-align-center\">Gbr, Sto, f. 2025, uts Championf\u00f6l<\/p>\n\n\n\n<p class=\"has-text-align-center\">e: Bobergs Limerick RS 776 SUCH BIS<\/p>\n\n\n\n<p class=\"has-text-align-center\">(Sk\u00e4pper\u00f6ds Rex RS 381 SUCH &#8211; The Rose RS 7353 ELIT)<\/p>\n\n\n\n<p class=\"has-text-align-center\">u: Bobergs Qarisma RS 8376 SUCH G1<\/p>\n\n\n\n<p class=\"has-text-align-center\">(Jimmy vd Apoloniahoeve RS 818 SUCH &#8211; Bobergs Hwita RS 7472 G)<\/p>\n\n\n\n<figure class=\"wp-block-image size-full\"><a href=\"https:\/\/www.bobergsstuteri.se\/wp-content\/uploads\/2025\/07\/553e68f8-48b8-4d35-8c40-2ef2653eda19-1.jpg\"><img decoding=\"async\" loading=\"lazy\" width=\"1024\" height=\"682\" src=\"https:\/\/www.bobergsstuteri.se\/wp-content\/uploads\/2025\/07\/553e68f8-48b8-4d35-8c40-2ef2653eda19-1.jpg\" alt=\"\" class=\"wp-image-4244\" srcset=\"http:\/\/www.bobergsstuteri.se\/wp-content\/uploads\/2025\/07\/553e68f8-48b8-4d35-8c40-2ef2653eda19-1.jpg 1024w, http:\/\/www.bobergsstuteri.se\/wp-content\/uploads\/2025\/07\/553e68f8-48b8-4d35-8c40-2ef2653eda19-1-300x200.jpg 300w, http:\/\/www.bobergsstuteri.se\/wp-content\/uploads\/2025\/07\/553e68f8-48b8-4d35-8c40-2ef2653eda19-1-768x512.jpg 768w\" sizes=\"(max-width: 1024px) 100vw, 1024px\" \/><\/a><\/figure>\n","protected":false},"excerpt":{"rendered":"<p>Gbr, Sto, f. 2025, uts Championf\u00f6l e: Bobergs Limerick RS 776 SUCH BIS (Sk\u00e4pper\u00f6ds Rex RS 381 SUCH &#8211; The Rose RS 7353 ELIT) u: Bobergs Qarisma RS 8376 SUCH G1 (Jimmy vd Apoloniahoeve RS 818 SUCH &#8211; Bobergs Hwita &hellip; <a href=\"http:\/\/www.bobergsstuteri.se\/?page_id=4242\">Forts\u00e4tt l\u00e4sa <span class=\"meta-nav\">&rarr;<\/span><\/a><\/p>\n","protected":false},"author":2,"featured_media":0,"parent":4249,"menu_order":0,"comment_status":"closed","ping_status":"closed","template":"","meta":[],"_links":{"self":[{"href":"http:\/\/www.bobergsstuteri.se\/index.php?rest_route=\/wp\/v2\/pages\/4242"}],"collection":[{"href":"http:\/\/www.bobergsstuteri.se\/index.php?rest_route=\/wp\/v2\/pages"}],"about":[{"href":"http:\/\/www.bobergsstuteri.se\/index.php?rest_route=\/wp\/v2\/types\/page"}],"author":[{"embeddable":true,"href":"http:\/\/www.bobergsstuteri.se\/index.php?rest_route=\/wp\/v2\/users\/2"}],"replies":[{"embeddable":true,"href":"http:\/\/www.bobergsstuteri.se\/index.php?rest_route=%2Fwp%2Fv2%2Fcomments&post=4242"}],"version-history":[{"count":3,"href":"http:\/\/www.bobergsstuteri.se\/index.php?rest_route=\/wp\/v2\/pages\/4242\/revisions"}],"predecessor-version":[{"id":4278,"href":"http:\/\/www.bobergsstuteri.se\/index.php?rest_route=\/wp\/v2\/pages\/4242\/revisions\/4278"}],"up":[{"embeddable":true,"href":"http:\/\/www.bobergsstuteri.se\/index.php?rest_route=\/wp\/v2\/pages\/4249"}],"wp:attachment":[{"href":"http:\/\/www.bobergsstuteri.se\/index.php?rest_route=%2Fwp%2Fv2%2Fmedia&parent=4242"}],"curies":[{"name":"wp","href":"https:\/\/api.w.org\/{rel}","templated":true}]}}