{"id":4259,"date":"2025-07-21T21:10:49","date_gmt":"2025-07-21T19:10:49","guid":{"rendered":"https:\/\/www.bobergsstuteri.se\/?page_id=4259"},"modified":"2025-07-21T21:12:57","modified_gmt":"2025-07-21T19:12:57","slug":"bobergs-viola","status":"publish","type":"page","link":"http:\/\/www.bobergsstuteri.se\/?page_id=4259","title":{"rendered":"Bobergs Viola"},"content":{"rendered":"\n<p><\/p>\n\n\n\n<p>Fx, Sto, f. 2025<\/p>\n\n\n\n<p class=\"has-text-align-center\">e: \u00c5brodahls Truzzardi Trez RS  767 SUCH R-BIS<\/p>\n\n\n\n<p class=\"has-text-align-center\">(Limited Edition RS 580 SUCH &#8211; Sk\u00e4pper\u00f6ds Wilhelmina RS 5188)<\/p>\n\n\n\n<p class=\"has-text-align-center\">Dieke vd Wijzend RS  7645 SUCH G1<\/p>\n\n\n\n<p class=\"has-text-align-center\">(Willow vd Wijzend &#8211; Lotje vd Wijzend)<\/p>\n\n\n\n<p>Om Viola: <\/p>\n","protected":false},"excerpt":{"rendered":"<p>Fx, Sto, f. 2025 e: \u00c5brodahls Truzzardi Trez RS 767 SUCH R-BIS (Limited Edition RS 580 SUCH &#8211; Sk\u00e4pper\u00f6ds Wilhelmina RS 5188) Dieke vd Wijzend RS 7645 SUCH G1 (Willow vd Wijzend &#8211; Lotje vd Wijzend) Om Viola:<\/p>\n","protected":false},"author":2,"featured_media":0,"parent":4249,"menu_order":0,"comment_status":"closed","ping_status":"closed","template":"","meta":[],"_links":{"self":[{"href":"http:\/\/www.bobergsstuteri.se\/index.php?rest_route=\/wp\/v2\/pages\/4259"}],"collection":[{"href":"http:\/\/www.bobergsstuteri.se\/index.php?rest_route=\/wp\/v2\/pages"}],"about":[{"href":"http:\/\/www.bobergsstuteri.se\/index.php?rest_route=\/wp\/v2\/types\/page"}],"author":[{"embeddable":true,"href":"http:\/\/www.bobergsstuteri.se\/index.php?rest_route=\/wp\/v2\/users\/2"}],"replies":[{"embeddable":true,"href":"http:\/\/www.bobergsstuteri.se\/index.php?rest_route=%2Fwp%2Fv2%2Fcomments&post=4259"}],"version-history":[{"count":2,"href":"http:\/\/www.bobergsstuteri.se\/index.php?rest_route=\/wp\/v2\/pages\/4259\/revisions"}],"predecessor-version":[{"id":4262,"href":"http:\/\/www.bobergsstuteri.se\/index.php?rest_route=\/wp\/v2\/pages\/4259\/revisions\/4262"}],"up":[{"embeddable":true,"href":"http:\/\/www.bobergsstuteri.se\/index.php?rest_route=\/wp\/v2\/pages\/4249"}],"wp:attachment":[{"href":"http:\/\/www.bobergsstuteri.se\/index.php?rest_route=%2Fwp%2Fv2%2Fmedia&parent=4259"}],"curies":[{"name":"wp","href":"https:\/\/api.w.org\/{rel}","templated":true}]}}