{"id":4263,"date":"2025-07-21T21:20:10","date_gmt":"2025-07-21T19:20:10","guid":{"rendered":"https:\/\/www.bobergsstuteri.se\/?page_id=4263"},"modified":"2025-07-21T21:20:42","modified_gmt":"2025-07-21T19:20:42","slug":"bobergs-wilfred","status":"publish","type":"page","link":"http:\/\/www.bobergsstuteri.se\/?page_id=4263","title":{"rendered":"Bobergs Wilfred"},"content":{"rendered":"\n<p><\/p>\n\n\n\n<p>isbskmsk stj, Hingst, f. 2025<\/p>\n\n\n\n<p class=\"has-text-align-center\">O&#8217;brian af J\u00e4boruder RS 936 G<\/p>\n\n\n\n<p class=\"has-text-align-center\">(Viper af J\u00e4boruder RS 633 SUCH &#8211; Hermine af J\u00e4boruder RS 7999<\/p>\n\n\n\n<p class=\"has-text-align-center\">Bobergs Prisma RS 8248 SUCH G1 BIS<\/p>\n\n\n\n<p class=\"has-text-align-center\">( Bobergs Limerick RS 776 SUCH G1 BIS &#8211; Bobergs Hwita RS 7472 G)<\/p>\n\n\n\n<p>Om Wilfred: <\/p>\n","protected":false},"excerpt":{"rendered":"<p>isbskmsk stj, Hingst, f. 2025 O&#8217;brian af J\u00e4boruder RS 936 G (Viper af J\u00e4boruder RS 633 SUCH &#8211; Hermine af J\u00e4boruder RS 7999 Bobergs Prisma RS 8248 SUCH G1 BIS ( Bobergs Limerick RS 776 SUCH G1 BIS &#8211; Bobergs &hellip; <a href=\"http:\/\/www.bobergsstuteri.se\/?page_id=4263\">Forts\u00e4tt l\u00e4sa <span class=\"meta-nav\">&rarr;<\/span><\/a><\/p>\n","protected":false},"author":2,"featured_media":0,"parent":4249,"menu_order":0,"comment_status":"closed","ping_status":"closed","template":"","meta":[],"_links":{"self":[{"href":"http:\/\/www.bobergsstuteri.se\/index.php?rest_route=\/wp\/v2\/pages\/4263"}],"collection":[{"href":"http:\/\/www.bobergsstuteri.se\/index.php?rest_route=\/wp\/v2\/pages"}],"about":[{"href":"http:\/\/www.bobergsstuteri.se\/index.php?rest_route=\/wp\/v2\/types\/page"}],"author":[{"embeddable":true,"href":"http:\/\/www.bobergsstuteri.se\/index.php?rest_route=\/wp\/v2\/users\/2"}],"replies":[{"embeddable":true,"href":"http:\/\/www.bobergsstuteri.se\/index.php?rest_route=%2Fwp%2Fv2%2Fcomments&post=4263"}],"version-history":[{"count":1,"href":"http:\/\/www.bobergsstuteri.se\/index.php?rest_route=\/wp\/v2\/pages\/4263\/revisions"}],"predecessor-version":[{"id":4264,"href":"http:\/\/www.bobergsstuteri.se\/index.php?rest_route=\/wp\/v2\/pages\/4263\/revisions\/4264"}],"up":[{"embeddable":true,"href":"http:\/\/www.bobergsstuteri.se\/index.php?rest_route=\/wp\/v2\/pages\/4249"}],"wp:attachment":[{"href":"http:\/\/www.bobergsstuteri.se\/index.php?rest_route=%2Fwp%2Fv2%2Fmedia&parent=4263"}],"curies":[{"name":"wp","href":"https:\/\/api.w.org\/{rel}","templated":true}]}}