{"id":3000,"date":"2019-04-24T21:37:45","date_gmt":"2019-04-24T19:37:45","guid":{"rendered":"http:\/\/www.bobergsstuteri.se\/?page_id=3000"},"modified":"2025-07-21T21:23:30","modified_gmt":"2025-07-21T19:23:30","slug":"indigo-af-jaboruder","status":"publish","type":"page","link":"https:\/\/www.bobergsstuteri.se\/?page_id=3000","title":{"rendered":"Indigo af J\u00e4boruder"},"content":{"rendered":"<h2 style=\"text-align: center;\"><a href=\"http:\/\/www.shetlandsponnyn.se\/Stambok\/Visa3Led.aspx?Nr1=455505\" target=\"_blank\" rel=\"noopener noreferrer\">Indigo af J\u00e4boruder<\/a><\/h2>\n<p style=\"text-align: center;\"><span style=\"color: #000000;\"><img decoding=\"async\" loading=\"lazy\" class=\"\" src=\"http:\/\/www.bobergsstuteri.se\/wp-content\/uploads\/2020\/07\/IMG_12451-1024x683.jpg\" alt=\"Denna bild har ett alt-attribut som \u00e4r tomt. Dess filnamn \u00e4r IMG_12451-1024x683.jpg\" width=\"402\" height=\"268\"><\/span><\/p>\n<p style=\"text-align: center;\"><span style=\"color: #000000;\">sv, val f\u00f6dd 2015, 101cm i mkh, Champion, SUCH uts 41p<\/span><\/p>\n<p style=\"text-align: center;\"><span style=\"color: #000000;\">e: Erasmus af J\u00e4boruder&nbsp;RS 685&nbsp; SUCH G II <\/span><\/p>\n<p style=\"text-align: center;\"><span style=\"color: #000000;\">(Talisman af J\u00e4boruder&nbsp; RS 499 SUCH G II&nbsp;&#8211; Victoria v.d. Brinkstraat RS 7014 G)&nbsp;<\/span><\/p>\n<p style=\"text-align: center;\"><span style=\"color: #000000;\">u: Andora af J\u00e4boruder&nbsp; RS6436 SUCH G I&nbsp;<\/span><\/p>\n<p style=\"text-align: center;\"><span style=\"color: #000000;\">(Pim v.h. Melkvonder&nbsp;&#8211;&nbsp;Damora v. Veldhoeve)&nbsp;&nbsp;&nbsp;&nbsp;&nbsp;<\/span><\/p>\n<p><a href=\"http:\/\/www.bobergsstuteri.se\/?attachment_id=3063\" rel=\"attachment wp-att-3063\"><img decoding=\"async\" loading=\"lazy\" class=\"wp-image-3063 aligncenter\" src=\"http:\/\/www.bobergsstuteri.se\/wp-content\/uploads\/2019\/04\/IMG_61221-300x205.jpg\" alt=\"IMG_6122[1]\" width=\"350\" height=\"239\" srcset=\"https:\/\/www.bobergsstuteri.se\/wp-content\/uploads\/2019\/04\/IMG_61221-300x205.jpg 300w, https:\/\/www.bobergsstuteri.se\/wp-content\/uploads\/2019\/04\/IMG_61221-768x525.jpg 768w, https:\/\/www.bobergsstuteri.se\/wp-content\/uploads\/2019\/04\/IMG_61221-1024x700.jpg 1024w\" sizes=\"(max-width: 350px) 100vw, 350px\" \/><\/a><\/p>\n<div id='gallery-1' class='gallery galleryid-3000 gallery-columns-2 gallery-size-medium'><dl class='gallery-item'>\n\t\t\t<dt class='gallery-icon landscape'>\n\t\t\t\t<a href='https:\/\/www.bobergsstuteri.se\/?attachment_id=3093'><img width=\"300\" height=\"291\" src=\"https:\/\/www.bobergsstuteri.se\/wp-content\/uploads\/2019\/04\/IMG_54091-e1565547073949-300x291.jpg\" class=\"attachment-medium size-medium\" alt=\"\" decoding=\"async\" loading=\"lazy\" aria-describedby=\"gallery-1-3093\" srcset=\"https:\/\/www.bobergsstuteri.se\/wp-content\/uploads\/2019\/04\/IMG_54091-e1565547073949-300x291.jpg 300w, https:\/\/www.bobergsstuteri.se\/wp-content\/uploads\/2019\/04\/IMG_54091-e1565547073949-768x744.jpg 768w, https:\/\/www.bobergsstuteri.se\/wp-content\/uploads\/2019\/04\/IMG_54091-e1565547073949-1024x992.jpg 1024w\" sizes=\"(max-width: 300px) 100vw, 300px\" \/><\/a>\n\t\t\t<\/dt>\n\t\t\t\t<dd class='wp-caption-text gallery-caption' id='gallery-1-3093'>\n\t\t\t\tIndigos mor \n\t\t\t\t<\/dd><\/dl><dl class='gallery-item'>\n\t\t\t<dt class='gallery-icon landscape'>\n\t\t\t\t<a href='https:\/\/www.bobergsstuteri.se\/?attachment_id=3091'><img width=\"300\" height=\"187\" src=\"https:\/\/www.bobergsstuteri.se\/wp-content\/uploads\/2019\/04\/IMG_50611-e1565546661711-300x187.jpg\" class=\"attachment-medium size-medium\" alt=\"\" decoding=\"async\" loading=\"lazy\" aria-describedby=\"gallery-1-3091\" srcset=\"https:\/\/www.bobergsstuteri.se\/wp-content\/uploads\/2019\/04\/IMG_50611-e1565546661711-300x187.jpg 300w, https:\/\/www.bobergsstuteri.se\/wp-content\/uploads\/2019\/04\/IMG_50611-e1565546661711-768x480.jpg 768w, https:\/\/www.bobergsstuteri.se\/wp-content\/uploads\/2019\/04\/IMG_50611-e1565546661711.jpg 957w\" sizes=\"(max-width: 300px) 100vw, 300px\" \/><\/a>\n\t\t\t<\/dt>\n\t\t\t\t<dd class='wp-caption-text gallery-caption' id='gallery-1-3091'>\n\t\t\t\tIndigos far, foto Sandra H\u00e5kansson\n\t\t\t\t<\/dd><\/dl><br style=\"clear: both\" \/>\n\t\t<\/div>\n\n<div id='gallery-2' class='gallery galleryid-3000 gallery-columns-3 gallery-size-medium'><dl class='gallery-item'>\n\t\t\t<dt class='gallery-icon landscape'>\n\t\t\t\t<a href='https:\/\/www.bobergsstuteri.se\/?attachment_id=3095'><img width=\"300\" height=\"212\" src=\"https:\/\/www.bobergsstuteri.se\/wp-content\/uploads\/2019\/04\/IMG_64481-300x212.jpg\" class=\"attachment-medium size-medium\" alt=\"\" decoding=\"async\" loading=\"lazy\" aria-describedby=\"gallery-2-3095\" srcset=\"https:\/\/www.bobergsstuteri.se\/wp-content\/uploads\/2019\/04\/IMG_64481-300x212.jpg 300w, https:\/\/www.bobergsstuteri.se\/wp-content\/uploads\/2019\/04\/IMG_64481-768x542.jpg 768w, https:\/\/www.bobergsstuteri.se\/wp-content\/uploads\/2019\/04\/IMG_64481.jpg 800w\" sizes=\"(max-width: 300px) 100vw, 300px\" \/><\/a>\n\t\t\t<\/dt>\n\t\t\t\t<dd class='wp-caption-text gallery-caption' id='gallery-2-3095'>\n\t\t\t\tEllen och Indigo\n\t\t\t\t<\/dd><\/dl><dl class='gallery-item'>\n\t\t\t<dt class='gallery-icon landscape'>\n\t\t\t\t<a href='https:\/\/www.bobergsstuteri.se\/?attachment_id=3096'><img width=\"300\" height=\"205\" src=\"https:\/\/www.bobergsstuteri.se\/wp-content\/uploads\/2019\/04\/IMG_64361-300x205.jpg\" class=\"attachment-medium size-medium\" alt=\"\" decoding=\"async\" loading=\"lazy\" aria-describedby=\"gallery-2-3096\" srcset=\"https:\/\/www.bobergsstuteri.se\/wp-content\/uploads\/2019\/04\/IMG_64361-300x205.jpg 300w, https:\/\/www.bobergsstuteri.se\/wp-content\/uploads\/2019\/04\/IMG_64361-768x525.jpg 768w, https:\/\/www.bobergsstuteri.se\/wp-content\/uploads\/2019\/04\/IMG_64361.jpg 800w\" sizes=\"(max-width: 300px) 100vw, 300px\" \/><\/a>\n\t\t\t<\/dt>\n\t\t\t\t<dd class='wp-caption-text gallery-caption' id='gallery-2-3096'>\n\t\t\t\tIvan, Ellen och Indigo\n\t\t\t\t<\/dd><\/dl><dl class='gallery-item'>\n\t\t\t<dt class='gallery-icon landscape'>\n\t\t\t\t<a href='https:\/\/www.bobergsstuteri.se\/?attachment_id=3094'><img width=\"300\" height=\"200\" src=\"https:\/\/www.bobergsstuteri.se\/wp-content\/uploads\/2019\/04\/IMG_64271-300x200.jpg\" class=\"attachment-medium size-medium\" alt=\"\" decoding=\"async\" loading=\"lazy\" aria-describedby=\"gallery-2-3094\" srcset=\"https:\/\/www.bobergsstuteri.se\/wp-content\/uploads\/2019\/04\/IMG_64271-300x200.jpg 300w, https:\/\/www.bobergsstuteri.se\/wp-content\/uploads\/2019\/04\/IMG_64271-768x511.jpg 768w, https:\/\/www.bobergsstuteri.se\/wp-content\/uploads\/2019\/04\/IMG_64271.jpg 800w\" sizes=\"(max-width: 300px) 100vw, 300px\" \/><\/a>\n\t\t\t<\/dt>\n\t\t\t\t<dd class='wp-caption-text gallery-caption' id='gallery-2-3094'>\n\t\t\t\tIvan och Indigo\n\t\t\t\t<\/dd><\/dl><br style=\"clear: both\" \/>\n\t\t<\/div>\n\n<p style=\"text-align: left;\"><span style=\"color: #000000;\">Om Indigo: <\/span><\/p>\n<p>Indigo k\u00f6rs mest och d\u00e5 ofta i par ihop med Buster. Ellen rider honom fortfarande lite d\u00e5 och d\u00e5 \u00e4ven om hennes ben \u00e4r lite l\u00e5nga. Det \u00e4r kul med variation i tr\u00e4ningen f\u00f6r b\u00e5da tv\u00e5.<\/p>\n\n\n<figure class=\"wp-block-image size-large\"><img decoding=\"async\" loading=\"lazy\" width=\"1024\" height=\"683\" src=\"http:\/\/www.bobergsstuteri.se\/wp-content\/uploads\/2020\/07\/IMG_12451-1024x683.jpg\" alt=\"\" class=\"wp-image-3308\" srcset=\"https:\/\/www.bobergsstuteri.se\/wp-content\/uploads\/2020\/07\/IMG_12451-1024x683.jpg 1024w, https:\/\/www.bobergsstuteri.se\/wp-content\/uploads\/2020\/07\/IMG_12451-300x200.jpg 300w, https:\/\/www.bobergsstuteri.se\/wp-content\/uploads\/2020\/07\/IMG_12451-768x512.jpg 768w, https:\/\/www.bobergsstuteri.se\/wp-content\/uploads\/2020\/07\/IMG_12451-1536x1024.jpg 1536w, https:\/\/www.bobergsstuteri.se\/wp-content\/uploads\/2020\/07\/IMG_12451.jpg 1875w\" sizes=\"(max-width: 1024px) 100vw, 1024px\" \/><\/figure>\n\n\n\n<figure class=\"wp-block-image size-large\"><img decoding=\"async\" loading=\"lazy\" width=\"1024\" height=\"686\" src=\"http:\/\/www.bobergsstuteri.se\/wp-content\/uploads\/2022\/10\/290183270_5388963991160548_5267810276892611629_n-1-1024x686.jpg\" alt=\"\" class=\"wp-image-3718\" srcset=\"https:\/\/www.bobergsstuteri.se\/wp-content\/uploads\/2022\/10\/290183270_5388963991160548_5267810276892611629_n-1-1024x686.jpg 1024w, https:\/\/www.bobergsstuteri.se\/wp-content\/uploads\/2022\/10\/290183270_5388963991160548_5267810276892611629_n-1-300x201.jpg 300w, https:\/\/www.bobergsstuteri.se\/wp-content\/uploads\/2022\/10\/290183270_5388963991160548_5267810276892611629_n-1-768x515.jpg 768w, https:\/\/www.bobergsstuteri.se\/wp-content\/uploads\/2022\/10\/290183270_5388963991160548_5267810276892611629_n-1.jpg 1091w\" sizes=\"(max-width: 1024px) 100vw, 1024px\" \/><\/figure>\n\n\n\n<figure class=\"wp-block-image\"><img alt=\"\"\/><\/figure>\n\n\n\n<figure class=\"is-layout-flex wp-block-gallery-1 wp-block-gallery has-nested-images columns-default is-cropped\">\n<figure class=\"wp-block-image size-large\"><img decoding=\"async\" loading=\"lazy\" width=\"585\" height=\"540\" data-id=\"3722\"  src=\"https:\/\/www.bobergsstuteri.se\/wp-content\/uploads\/2022\/10\/290149491_5388961877827426_2130947040003725102_n-1.jpg\" alt=\"\" class=\"wp-image-3722\" srcset=\"https:\/\/www.bobergsstuteri.se\/wp-content\/uploads\/2022\/10\/290149491_5388961877827426_2130947040003725102_n-1.jpg 585w, https:\/\/www.bobergsstuteri.se\/wp-content\/uploads\/2022\/10\/290149491_5388961877827426_2130947040003725102_n-1-300x277.jpg 300w\" sizes=\"(max-width: 585px) 100vw, 585px\" \/><\/figure>\n\n\n\n<figure class=\"wp-block-image size-large\"><img decoding=\"async\" loading=\"lazy\" width=\"1024\" height=\"686\" data-id=\"3723\"  src=\"https:\/\/www.bobergsstuteri.se\/wp-content\/uploads\/2022\/10\/290183270_5388963991160548_5267810276892611629_n-1-2-1024x686.jpg\" alt=\"\" class=\"wp-image-3723\" srcset=\"https:\/\/www.bobergsstuteri.se\/wp-content\/uploads\/2022\/10\/290183270_5388963991160548_5267810276892611629_n-1-2-1024x686.jpg 1024w, https:\/\/www.bobergsstuteri.se\/wp-content\/uploads\/2022\/10\/290183270_5388963991160548_5267810276892611629_n-1-2-300x201.jpg 300w, https:\/\/www.bobergsstuteri.se\/wp-content\/uploads\/2022\/10\/290183270_5388963991160548_5267810276892611629_n-1-2-768x515.jpg 768w, https:\/\/www.bobergsstuteri.se\/wp-content\/uploads\/2022\/10\/290183270_5388963991160548_5267810276892611629_n-1-2.jpg 1091w\" sizes=\"(max-width: 1024px) 100vw, 1024px\" \/><\/figure>\n\n\n\n<figure class=\"wp-block-image size-large\"><img decoding=\"async\" loading=\"lazy\" width=\"938\" height=\"610\" data-id=\"3724\"  src=\"https:\/\/www.bobergsstuteri.se\/wp-content\/uploads\/2022\/10\/290228899_5388962197827394_1246995268164729181_n.jpg\" alt=\"\" class=\"wp-image-3724\" srcset=\"https:\/\/www.bobergsstuteri.se\/wp-content\/uploads\/2022\/10\/290228899_5388962197827394_1246995268164729181_n.jpg 938w, https:\/\/www.bobergsstuteri.se\/wp-content\/uploads\/2022\/10\/290228899_5388962197827394_1246995268164729181_n-300x195.jpg 300w, https:\/\/www.bobergsstuteri.se\/wp-content\/uploads\/2022\/10\/290228899_5388962197827394_1246995268164729181_n-768x499.jpg 768w\" sizes=\"(max-width: 938px) 100vw, 938px\" \/><\/figure>\n\n\n\n<figure class=\"wp-block-image size-large\"><img decoding=\"async\" loading=\"lazy\" width=\"585\" height=\"403\" data-id=\"3725\"  src=\"https:\/\/www.bobergsstuteri.se\/wp-content\/uploads\/2022\/10\/290262107_5388961661160781_7177905848890632610_n.jpg\" alt=\"\" class=\"wp-image-3725\" srcset=\"https:\/\/www.bobergsstuteri.se\/wp-content\/uploads\/2022\/10\/290262107_5388961661160781_7177905848890632610_n.jpg 585w, https:\/\/www.bobergsstuteri.se\/wp-content\/uploads\/2022\/10\/290262107_5388961661160781_7177905848890632610_n-300x207.jpg 300w\" sizes=\"(max-width: 585px) 100vw, 585px\" \/><\/figure>\n\n\n\n<figure class=\"wp-block-image size-large\"><img decoding=\"async\" loading=\"lazy\" width=\"788\" height=\"535\" data-id=\"3726\"  src=\"https:\/\/www.bobergsstuteri.se\/wp-content\/uploads\/2022\/10\/290523286_5388961477827466_8742071077568703245_n-1.jpg\" alt=\"\" class=\"wp-image-3726\" srcset=\"https:\/\/www.bobergsstuteri.se\/wp-content\/uploads\/2022\/10\/290523286_5388961477827466_8742071077568703245_n-1.jpg 788w, https:\/\/www.bobergsstuteri.se\/wp-content\/uploads\/2022\/10\/290523286_5388961477827466_8742071077568703245_n-1-300x204.jpg 300w, https:\/\/www.bobergsstuteri.se\/wp-content\/uploads\/2022\/10\/290523286_5388961477827466_8742071077568703245_n-1-768x521.jpg 768w\" sizes=\"(max-width: 788px) 100vw, 788px\" \/><\/figure>\n\n\n\n<figure class=\"wp-block-image size-large\"><img decoding=\"async\" loading=\"lazy\" width=\"947\" height=\"655\" data-id=\"3727\"  src=\"https:\/\/www.bobergsstuteri.se\/wp-content\/uploads\/2022\/10\/290598538_5388961851160762_9012539904003962297_n.jpg\" alt=\"\" class=\"wp-image-3727\" srcset=\"https:\/\/www.bobergsstuteri.se\/wp-content\/uploads\/2022\/10\/290598538_5388961851160762_9012539904003962297_n.jpg 947w, https:\/\/www.bobergsstuteri.se\/wp-content\/uploads\/2022\/10\/290598538_5388961851160762_9012539904003962297_n-300x207.jpg 300w, https:\/\/www.bobergsstuteri.se\/wp-content\/uploads\/2022\/10\/290598538_5388961851160762_9012539904003962297_n-768x531.jpg 768w\" sizes=\"(max-width: 947px) 100vw, 947px\" \/><\/figure>\n\n\n\n<figure class=\"wp-block-image size-large\"><img decoding=\"async\" loading=\"lazy\" width=\"1014\" height=\"690\" data-id=\"3728\"  src=\"https:\/\/www.bobergsstuteri.se\/wp-content\/uploads\/2022\/10\/290577746_5388964004493880_5365014097694088188_n-1.jpg\" alt=\"\" class=\"wp-image-3728\" srcset=\"https:\/\/www.bobergsstuteri.se\/wp-content\/uploads\/2022\/10\/290577746_5388964004493880_5365014097694088188_n-1.jpg 1014w, https:\/\/www.bobergsstuteri.se\/wp-content\/uploads\/2022\/10\/290577746_5388964004493880_5365014097694088188_n-1-300x204.jpg 300w, https:\/\/www.bobergsstuteri.se\/wp-content\/uploads\/2022\/10\/290577746_5388964004493880_5365014097694088188_n-1-768x523.jpg 768w\" sizes=\"(max-width: 1014px) 100vw, 1014px\" \/><\/figure>\n<\/figure>\n\n\n\n<p>Bilderna \u00e4r tagna av fotograf Jan Westin vid Westmanska Vagnsparaden 2022-05-22.<\/p>\n","protected":false},"excerpt":{"rendered":"<p>Indigo af J\u00e4boruder sv, val f\u00f6dd 2015, 101cm i mkh, Champion, SUCH uts 41p e: Erasmus af J\u00e4boruder&nbsp;RS 685&nbsp; SUCH G II (Talisman af J\u00e4boruder&nbsp; RS 499 SUCH G II&nbsp;&#8211; Victoria v.d. Brinkstraat RS 7014 G)&nbsp; u: Andora af J\u00e4boruder&nbsp; &hellip; <a href=\"https:\/\/www.bobergsstuteri.se\/?page_id=3000\">Forts\u00e4tt l\u00e4sa <span class=\"meta-nav\">&rarr;<\/span><\/a><\/p>\n","protected":false},"author":2,"featured_media":0,"parent":4265,"menu_order":0,"comment_status":"closed","ping_status":"closed","template":"","meta":[],"_links":{"self":[{"href":"https:\/\/www.bobergsstuteri.se\/index.php?rest_route=\/wp\/v2\/pages\/3000"}],"collection":[{"href":"https:\/\/www.bobergsstuteri.se\/index.php?rest_route=\/wp\/v2\/pages"}],"about":[{"href":"https:\/\/www.bobergsstuteri.se\/index.php?rest_route=\/wp\/v2\/types\/page"}],"author":[{"embeddable":true,"href":"https:\/\/www.bobergsstuteri.se\/index.php?rest_route=\/wp\/v2\/users\/2"}],"replies":[{"embeddable":true,"href":"https:\/\/www.bobergsstuteri.se\/index.php?rest_route=%2Fwp%2Fv2%2Fcomments&post=3000"}],"version-history":[{"count":18,"href":"https:\/\/www.bobergsstuteri.se\/index.php?rest_route=\/wp\/v2\/pages\/3000\/revisions"}],"predecessor-version":[{"id":4267,"href":"https:\/\/www.bobergsstuteri.se\/index.php?rest_route=\/wp\/v2\/pages\/3000\/revisions\/4267"}],"up":[{"embeddable":true,"href":"https:\/\/www.bobergsstuteri.se\/index.php?rest_route=\/wp\/v2\/pages\/4265"}],"wp:attachment":[{"href":"https:\/\/www.bobergsstuteri.se\/index.php?rest_route=%2Fwp%2Fv2%2Fmedia&parent=3000"}],"curies":[{"name":"wp","href":"https:\/\/api.w.org\/{rel}","templated":true}]}}